9 = -5*z - 4*q - 0*q. Suppose 31*k - 30*k - z = 0. Calculate the remainder when (k - (-16)/(-3))*-21 is divided by 23.
22
Suppose 40*o + 61 = 41*o. Suppose 0 = z - 315 + o. Calculate the remainder when z is divided by 16.
14
Let m = -586 + 495. Calculate the remainder when 67 is divided by m/(-39)*(0 - -3)*2.
11
What is the remainder when 28/5*(-18 + 36351/42) is divided by 16?
10
Let b(s) = -s**3 - 2*s**2 + s - 2. Let l(z) = -z + 11. Let u be l(14). Suppose 56*c - 57*c = -20. Calculate the remainder when c is divided by b(u).
0
Suppose 3*z = 3*t + z - 192, 0 = 4*t - 4*z - 260. Let c = 1971 + -1953. What is the remainder when t is divided by c?
8
Let v = 468 - 655. Let p = v - -213. Suppose -237 = -5*m - 2*s, 0 = m + 2*m + 2*s - 139. What is the remainder when m is divided by p?
23
Let c(j) = 4*j**3 + 6*j**2 + 9*j - 30. What is the remainder when c(4) is divided by 2?
0
Suppose -2*k - 100 = 4*q - 490, -4*k + 5*q = -832. Suppose 0 = o - 3*v + 5, -2*o + 23*v - 22*v = 5. What is the remainder when k is divided by (o/6)/((-5)/765)?
50
Suppose 5*a = j + 418, -3*j = -3*a - 2 + 260. What is the remainder when a is divided by ((-28)/(-7) - 1) + 3?
5
Let a(x) = -2*x - 13 - 28 - 2 + 0*x. Let y be a(-22). Calculate the remainder when ((-7)/(-14))/y + (-57)/(-2) is divided by 15.
14
Suppose -37*t + 166 + 152 = -15. What is the remainder when 1138 is divided by t?
4
Suppose 4*n + 0*z + 376 = z, -2*n - 5*z - 210 = 0. Let x = n + 89. Calculate the remainder when 158/4 - (-3)/x*-3 is divided by 4.
1
Suppose 2*q - 178 = -3*a, 27*q = 2*a + 28*q - 119. What is the remainder when a is divided by 158/22 - (-6)/(-33)?
4
Let g be 2 - 0/(2 + -1 + 1). Suppose g*a - 4*h = 284, -132 = -a + 2*h - 5*h. Calculate the remainder when a is divided by 48.
42
Let u = 46 - 45. Suppose f - u = -40. Let s = f - -75. Calculate the remainder when s is divided by 13.
10
Let z = 237 + -109. Suppose 3*l - b = z, -2*b = -4*l + 2*l + 92. What is the remainder when l is divided by 1/(-2) + (-43)/(-2)?
20
What is the remainder when -12 + 143/13 - -638 is divided by 53?
1
Let p = -6 - -13. Suppose -p*u + 12 = -5*u. Suppose -3*m + 114 = -3*w, -2*m + m - 5*w = -14. Calculate the remainder when m is divided by u.
4
What is the remainder when 2099 is divided by 20/8*(15 + -3)?
29
Let d(i) = 61*i - 1. Let m be d(1). Let h = -1306 - -1318. Suppose -h*b - m = -15*b. Calculate the remainder when 38 is divided by b.
18
Suppose 3*k - 5 = -i, -2*i - 5*k + 6 = -8. Calculate the remainder when -707*(-231)/154*(-5)/((-35)/2) is divided by i.
14
Let y(m) = 33*m - 2087. What is the remainder when y(71) is divided by 55?
36
Let l(q) = -9*q + 8. Let f be l(-1). Let o(x) = -2 - 5 - 31 + 5*x. Calculate the remainder when o(f) is divided by 6.
5
What is the remainder when 74 is divided by (6/(-6) - 3)/((-8)/18)?
2
Suppose 0 = 7*o - 170 - 117. Suppose r + 4*n - o = 0, 5*n - 35 = 3*r - 226. Suppose 167 = 11*v + r. Calculate the remainder when 36 is divided by v.
6
Suppose -5*d + 26 = -4*d. Let w(u) = 3*u - 27. What is the remainder when d is divided by w(12)?
8
Let u(f) = -32*f + 3246. Calculate the remainder when u(98) is divided by 16.
14
Suppose a - 15 = -4*a. Suppose 0*l = -a*l + 66. Suppose -b = -7 - l. What is the remainder when 56 is divided by b?
27
Suppose 34964 + 3291 = 35*l. Calculate the remainder when l is divided by 15.
13
Suppose 4 - 26 = -2*o. Let v(z) = -79*z - 35. What is the remainder when v(-5) is divided by o?
8
Suppose 9 + 21 = 6*o. Suppose -69 - 116 = -o*g. Calculate the remainder when 47 is divided by g.
10
Let o(g) = g**3 - 31*g**2 - 35*g - 18. Let f be o(32). Let t = -97 - f. What is the remainder when 24 is divided by t?
7
Suppose 92*w + 60*w = 10184. What is the remainder when w is divided by (-5 + 2)*20/(-6)?
7
Calculate the remainder when ((-183)/9)/((-315)/(-27) - 12) is divided by 21.
19
Suppose -55*k - 7588 = -13368 - 109665. Calculate the remainder when k is divided by 75.
74
Let d = 6 + 12. Suppose 0 = -49*q + 561 + 27. Calculate the remainder when d is divided by q.
6
Let z = -263 - -263. Suppose -3*c + 40 + 113 = z. Calculate the remainder when c is divided by 13.
12
What is the remainder when 16585 is divided by (-4)/38 + (1834/(-266) - -14) + 19?
23
Suppose -60*c + 150*c = 66060. Let j = c + -714. Suppose -2*x + 292 = 4*y, -4*y - 4*x + 280 = x. Calculate the remainder when y is divided by j.
15
Suppose 98 = -12*a + 13*a. Suppose 5 = 4*m - 5*m + 26. Calculate the remainder when a is divided by m.
14
Suppose 7*r = 11*r - d + 162, 4*d = -r - 32. Let x(m) = -m**2 - 50*m - 348. Let k(w) = 5*w**2 - 6*w - 2. What is the remainder when k(-4) is divided by x(r)?
50
Suppose -21 = -25*q + 29. Suppose -j + 286 = -2*c - q*c, -5*j + 1430 = 5*c. What is the remainder when j is divided by 73?
67
Suppose 59*n - 58*n + 5*y - 98 = 0, 2*n = -y + 205. Suppose x - 94 = -g, -2*g + x + 208 = -x. Calculate the remainder when n is divided by g.
4
Let k(p) = 2*p**2 - 106*p + 1243. Calculate the remainder when 7523 is divided by k(17).
18
Suppose 7206 - 411 = 44*t - 861. What is the remainder when 1740 is divided by t?
0
Let w be (-10)/(-50) - (0 - (-12422)/10). Calculate the remainder when (-2)/(-6) - 62/(-3) is divided by (-13754)/w - (-2)/(-27).
10
Calculate the remainder when 4360 is divided by ((-4)/(-6))/(20 - (-1500037)/(-75003)).
12
Let q(c) = 4*c**2 + 14*c - 12. Let m be q(-4). Let r(p) = -5*p**3 - 6*p**2 - 12*p - 9. What is the remainder when r(m) is divided by 54?
47
Suppose 0 = 5*b + n - 14, 15*n - 18 = b + 10*n. Suppose i - 18 - 2 = -b*p, -2*p - 3*i = -16. Calculate the remainder when 31 is divided by p.
9
Let p = 375 - 372. Suppose 39 = p*u - 18. Calculate the remainder when 157 is divided by u.
5
Let s be 12/8*(2 + (-8)/(-12)). Suppose d - 134 = r - s*r, 0 = 3*r - 3*d - 138. Suppose -f = -4 - r. Calculate the remainder when f is divided by 13.
10
Let z = -1901 + 3156. Suppose 20*t + 55 = z. Calculate the remainder when t is divided by 18.
6
What is the remainder when 562 is divided by (-76)/(-722) + 492/19 - 5?
16
Suppose -12 = 16*v - 20*v. Suppose -2*p - 2*k + 6*k + 32 = 0, -v*p + 2*k = -40. Let u(c) = -c + 20. Calculate the remainder when u(-13) is divided by p.
9
Suppose 5*m = -3*j + 217, 0*j + 2*j + 178 = 4*m. Let r(f) = -22*f**2 + 0*f - 3*f + 4 + m*f**2 - 21*f**2. Calculate the remainder when 130 is divided by r(-5).
42
Suppose -w - 469 = -3*y - 5*w, 3*w + 15 = 0. Suppose -207 = -2*k - y. Calculate the remainder when ((-27)/(-3))/((-1)/(-7)) is divided by k.
19
Let s = -10049 + 10142. Calculate the remainder when 190 is divided by s.
4
Let t = 143 - 139. What is the remainder when 96 is divided by (3 - 2)/(t/68)?
11
Calculate the remainder when 438 is divided by (1592/995)/(36/35 + -1).
46
Calculate the remainder when (84/8)/((1 + -5)/(-16)) is divided by 24.
18
Let z be (-6 - -1) + 330/5. Suppose -4*x = -3*h - z, -5*h = -5*x + 41 + 34. Calculate the remainder when 125 is divided by x.
13
Suppose 4 = p, -6*p = 3*r - 4813 + 295. Calculate the remainder when r is divided by 67.
24
Let i = -17438 - -18471. Calculate the remainder when i is divided by 33.
10
Let b = -1938 + 3533. What is the remainder when b is divided by 84?
83
Let o be 4*11*1/(-4). Let n = -8 - o. Let j = -6292 - -6298. What is the remainder when j is divided by n?
0
Let v(r) = 5*r**2 + 16*r + 11. Let g be v(-7). Let j = g + -146. Let q = j - -173. Calculate the remainder when q is divided by 29.
26
Let b = -84 + 86. Suppose -7*x = -4*x - 15. Suppose -3*a + 5 = -2*w, -b*a - 1 = 2*a + x*w. Calculate the remainder when 3 is divided by a.
0
Let y = 1284 + 1110. Calculate the remainder when y is divided by 80.
74
Suppose 14*f = -9*d + 17*f + 57, d + 3*f - 23 = 0. What is the remainder when 6462 is divided by d?
6
Let q be (-5)/(-2) - 2/4. Suppose 26 = q*n + 4. Let u(b) = 3*b**3 - 8*b**2 + 9*b - 69. Calculate the remainder when u(5) is divided by n.
8
Suppose 18*i = 13*i + d + 7971, 3*d = -i + 1607. What is the remainder when i is divided by 76?
75
Let f(j) = j**2 - 14*j + 7. Let a be f(13). Suppose 72*y - 148 = 860. Calculate the remainder when (4/a)/((-5)/195) is divided by y.
12
Suppose 220*i - 151994 - 88246 = 0. What is the remainder when i is divided by 371?
350
Let g(l) = 5234*l**3 + 55*l - 55. Calculate the re